l**2 - 13*l + 267. Let z be b(11). Let w = 5 + -2. What is the greatest common divisor of z and w?
3
Suppose 0 = -5*a - 5*n + 1205, -16*n + 18*n - 972 = -4*a. Calculate the greatest common factor of 196 and a.
49
Suppose -6*k = -9*k + 84. Suppose 7 = t + 7*r - 2*r, -5*t = 4*r + 7. Let z be -3*((-15)/(-9) + t). Calculate the greatest common divisor of z and k.
4
Let c be (24/90*20)/((-4)/(-6)). What is the greatest common factor of c and 20?
4
Let m be (615/(-287))/(13/7 - 2). What is the greatest common divisor of 9 and m?
3
Let n = 1487 - 1376. Calculate the greatest common factor of 1443 and n.
111
Suppose 25 = 4*r + 9. Suppose 11*d + 56 = 166. Calculate the highest common divisor of r and d.
2
Let k(d) = -4*d - 16. Let w be k(-7). Let y be (-80)/w*(-72)/15. Calculate the highest common factor of 16 and y.
16
Suppose 3*h = 6*h + c - 631, 205 = h - c. Let g = -118 + h. What is the greatest common divisor of 13 and g?
13
Suppose -3*h = -h + 20. Let r = h + 14. Suppose 0 = 2*b + 2 - r. Calculate the greatest common factor of b and 11.
1
Let t(r) = r**2 - 8*r - 26. Suppose -8*h = -10*h + 22. Let b be t(h). Suppose 20 = v - 0*j + j, -3*v = -3*j - 66. What is the highest common factor of v and b?
7
Suppose -h + 4*f - 25 = 4*h, 2*h = -f + 3. Let i be 0 - -35 - (-2 - h). Calculate the highest common factor of i and 9.
9
Suppose 0*q + 2 = -q + 5*w, -3*w = -5*q + 12. Suppose -2*l - 27 - 98 = -q*m, -4*m + 176 = -5*l. What is the highest common factor of m and 26?
13
Let v be 32/(-12)*(-1 + 37). Let w be (v/15)/((-3)/30). Let i = w + 46. Calculate the highest common factor of i and 22.
22
Let c = -26 - -29. Let i = c - -3. What is the greatest common factor of i and 42?
6
Let v = -23 + 25. Suppose -w + v*w = 3*n - 111, -3*w + 99 = 3*n. Calculate the highest common divisor of n and 24.
12
Let m be (3 + 42/(-12))*332. Let k = m - -278. Calculate the greatest common divisor of 16 and k.
16
Let x be ((-11)/((4/188)/1))/(-1). Suppose -4*d = -x - 239. What is the highest common factor of d and 21?
21
Let k = 1944 - 1939. Calculate the highest common divisor of k and 245.
5
Suppose 0 = -15*v + 10*v + 35. Suppose -v = 3*t - 4*t. Let c(f) = 9*f**3 - 3*f**2 + 3*f - 3. Let n be c(2). Calculate the highest common divisor of t and n.
7
Let b be 132*(-2)/(4/(-3)). Suppose 44*f + 291 - 1083 = 0. Calculate the greatest common factor of f and b.
18
Let v = 407 + -404. Calculate the highest common divisor of 15 and v.
3
Let s = -168 + 256. What is the greatest common divisor of s and 968?
88
Suppose 4*b + b = -3*a + 42, -3*b - 2*a = -26. Let k be (b + 12)*(1 - (-10)/4). Calculate the highest common divisor of 9 and k.
9
Let q be (-6)/2 + (-80)/16. Let x be (12/q)/((-3)/70). What is the greatest common factor of x and 14?
7
Suppose 4*n + n - 170 = 0. Let f = n - 29. What is the highest common factor of f and 5?
5
Suppose 80 = -4*q + 272. What is the highest common factor of 376 and q?
8
Let r = 963 + -879. What is the greatest common divisor of 1316 and r?
28
Suppose 0 = 43*d - 1688 + 312. Suppose -3*n = 2*t - 5*t - 21, n = -t + 3. Suppose 0 = n*l - 46 + 6. Calculate the highest common factor of l and d.
8
Suppose -3*k + 99 = 3*s, -s + k = -42 + 7. What is the highest common divisor of s and 374?
34
Let y be 14/((-10 + -2)/(-6)). What is the highest common factor of y and 63?
7
Let y(c) = -3*c + 2. Let o be y(9). Let n = -5 - o. Calculate the highest common divisor of n and 5.
5
Let s(v) = -24*v**3 - 5*v**2 - 4*v + 1. Let g be s(-1). Calculate the highest common factor of g and 372.
12
Let w be (-4)/10 + 134/10. Let m = 7 - w. Let k = -5 - m. What is the highest common divisor of k and 5?
1
Suppose 20 = -5*l + 9*l. Suppose 20 = 6*j - l*j. What is the greatest common factor of 50 and j?
10
Let j be (252/48)/((-12)/(-496)). Calculate the greatest common divisor of j and 93.
31
Suppose 3*y + z - 60 = -2*z, -2*y + 3*z = -20. Calculate the greatest common factor of y and 24.
8
Let t(x) = x + 39. Suppose 59*l = 58*l - 7. Let v be t(l). Calculate the highest common factor of 96 and v.
32
Let n be 3/(-12)*-4*27. Let g = 29 - n. What is the highest common factor of g and 1?
1
Let k(p) = -89*p + 6. Let j be k(-8). Let a = -110 + j. Suppose -4*h + 5*x + 1219 = 0, -h + 4*x + a = h. Calculate the greatest common factor of h and 34.
34
Suppose 127 = 4*x - 5*z, -x - 10*z + 11*z = -32. What is the highest common factor of x and 297?
33
Let b(m) = -m**3 - 7*m**2 + 8*m + 10. Let v be b(-8). Let p = v + -2. Let w be 2 - 1 - (6 - 77). Calculate the greatest common divisor of w and p.
8
Let x = 6 - 19. Let i = x + 15. Suppose 0*d + 177 = i*l + 5*d, -5*l + 408 = d. Calculate the highest common divisor of l and 9.
9
Suppose 3*o + 180 = 3*u, -4*u + 2*o = -3*o - 243. Let z = -7 - -11. Let p be 22 + (-1 - 8/z). Calculate the highest common factor of p and u.
19
Let w be (4/(-2) - -2) + 4590/9. Calculate the greatest common divisor of 17 and w.
17
Let u be (-1)/(-2*(-2)/(-92)). Let k(q) = -q**3 - 3*q**2 - 13*q - 9. Let a be k(-8). Let h be a/2 - (-8)/(-16). Calculate the highest common factor of h and u.
23
Let o be (105/(-20))/((-3)/20). Let k be 4*25*(-21)/(-12). What is the highest common factor of o and k?
35
Let x(n) = -4 + 3*n**2 + 13*n + 16 + n**3 + 7*n**2. Let i be x(-8). Calculate the highest common divisor of 12 and i.
12
Let j = 352 + -264. Calculate the greatest common factor of j and 110.
22
Suppose 200 = -a + 3*a. What is the greatest common factor of a and 4?
4
Let t(r) = -r**2 - 2*r**2 + 3*r - 4 - 16 + 5*r**2. Let o(z) = -3*z + 10. Let a be o(5). Let m be t(a). What is the greatest common divisor of m and 5?
5
Let m be 3*(1 - (-5 + -1)). Let l(s) be the third derivative of 19*s**4/24 + 10*s**3 - 4*s**2. Let j be l(9). What is the highest common factor of j and m?
21
Suppose 9*h = 5*h + 1320. Calculate the highest common factor of 99 and h.
33
Suppose -3*w - 77 = -14*w. Calculate the greatest common factor of w and 77.
7
Suppose 9 = 3*k + 3. Let z(a) = -a - k*a + 2*a - 4 - 2*a. Let q be z(-5). What is the greatest common factor of q and 88?
11
Let j(z) = 41*z + 220. Let r be j(-4). What is the greatest common divisor of r and 182?
14
Suppose -2*u - 2*t + 329 = -t, 2*u - 5*t = 335. Let q be -1 + (-14)/4 + 2/(-4). Let h be (q + -1 + -6)*5/(-4). Calculate the highest common factor of u and h.
15
Let l = 128 - 122. Suppose l*y - 2*y = -2*o + 18, 0 = -3*o + y + 13. What is the greatest common factor of 55 and o?
5
Suppose -134 = -3*q + 2*d, 3*d = -2*q + 18 + 54. What is the greatest common factor of 54 and q?
6
Let h be 502 + ((-1)/(-3))/(2/(-12)). Suppose -4*t = -2*p + h, 0 = -5*p + 3*t - 116 + 1338. Calculate the highest common factor of p and 22.
22
Let p be (-231)/(-154)*80/3. Calculate the highest common divisor of p and 170.
10
Let l = -190 - -788. Suppose 2*x - 3*x = -o + 191, -3*o - 2*x + l = 0. What is the greatest common factor of o and 28?
28
Let u = 572 + -542. What is the greatest common divisor of u and 55?
5
Let q(l) = l**3 - 6*l**2 - 12*l + 3. Let w be q(8). What is the greatest common divisor of 20 and w?
5
Suppose -3*a + 60 = 5*b - 54, -2*a = 4*b - 92. What is the highest common factor of 156 and b?
12
Let v(z) = 10*z + 134. Let k be v(-9). What is the highest common divisor of 748 and k?
44
Suppose -3*g - g - 144 = -4*p, 0 = 5*p + g - 204. Let h = -21 - -37. Suppose -x + h = -3*b, 0 = -b + 6*b + 10. Calculate the highest common factor of p and x.
10
Let b be ((-2 - -6)*1)/(-2). Let t be 0 + 33/7 - b/7. Calculate the greatest common divisor of 40 and t.
5
Let m = -251 + 273. Calculate the greatest common factor of m and 2.
2
Let g be (-51)/2*(-48)/36. Let p = g - -2. Calculate the greatest common divisor of 8 and p.
4
Let h(p) = 28*p**2 + 8*p - 17. Let j be h(3). What is the highest common factor of j and 7?
7
Let t = 9 + -20. Suppose 5*p - 73 = 4*c, 2*c + p = c - 16. Let j = t - c. What is the greatest common divisor of 3 and j?
3
Let s = -250 + 310. What is the greatest common factor of 160 and s?
20
Suppose -8*n - 1 = -17. Suppose 0 = 2*w - 10, -3*r + 40 = n*w - 18. Calculate the highest common factor of 16 and r.
16
Let x(z) = 5*z**2 - 6*z - 18. Let s be x(6). What is the highest common divisor of s and 14?
14
Suppose x - 3*g + 35 = -0*x, -140 = 4*x + 2*g. Let z